44)/(-55))/(4/a). Suppose 25 = 2*v - 3*y, l*y - 15 = 7*y. Let j(k) = k**2 - 8*k - 9. What is j(v)?
-9
Let a = 71 - 67. Suppose 3*j = a - 10. Let n(t) = 56*t + 2 + t**2 - 29*t - 26*t + 1 - 5. Give n(j).
0
Let r(i) = 2051 - 6165 + 2037 + 7*i + 2025. Calculate r(7).
-3
Let p(f) = -68*f + 2. Let h(z) = 60*z + 1. Let w(y) = -3*h(y) - 2*p(y). Calculate w(1).
-51
Let x(r) = -2*r + 7. Let n(h) = 5*h - 44. Suppose -25 = -4*m - 5. Let q(l) = -7*l + 66. Let g(p) = m*q(p) + 8*n(p). Let j(z) = 3*g(z) + 8*x(z). Give j(-11).
1
Suppose 314772 = 10*x + 314872. Let q(a) = -a**3 - 10*a**2 + a + 12. Give q(x).
2
Let g(j) = -j**2 - 7*j - 7. Let c(x) = 2*x**3 + 5*x - 8. Let l be (0/1 + 12 + -12)/2. Let n be c(l). Determine g(n).
-15
Let m(p) = 10*p + 37. Suppose 3*u + 50 = -3*n + 20, 0 = -3*u - 5*n - 42. What is m(u)?
-3
Let o(w) = -w**3 - 3*w**2 + 3*w - 9. Let k(j) = -j**3 - 3*j**2 + 6*j - 10. Let r(t) = 2*k(t) - 3*o(t). Give r(-5).
-58
Let r(h) = -1996 - 102*h + 4*h**2 + 2*h**3 + 1984 + 101*h - 3*h**3. Determine r(5).
-42
Let a(h) = -h**3 - h**2 + 10. Let c be a(-5). Let f(m) = 55 + 61 - c - 3*m. Calculate f(6).
-12
Let l(d) = 24*d**3 - 2*d**2 + 3*d + 2. Let z(s) = -76*s**3 + 5*s**2 - 8*s - 5. Let x(c) = 11*l(c) + 4*z(c). What is x(-1)?
39
Let z(l) = l**2 + 144. Let s be z(0). Suppose -k + s = -19*k. Let m(n) = -n**2 - 10*n + 2. Determine m(k).
18
Let g(k) be the second derivative of 7*k**3/6 - 143*k**2/2 - 1495*k - 1. Give g(19).
-10
Let w(b) be the first derivative of 15*b**2 + 17*b - 351. Give w(-1).
-13
Let w(x) = 191*x + 7272. Let q be w(-38). Let c(h) = -h**3 + 12*h**2 + 29*h - 23. Give c(q).
-9
Let u(x) = 2*x**3 - 2*x**2 - 2*x + 5. Let s(i) = 2*i**3 - 2*i**2 - 2*i + 4. Let j(d) = 4*s(d) - 3*u(d). Let m = -635 + 638. Calculate j(m).
31
Let y = 5 + -2. Suppose 2*f = 3*r + 149, 52 = r - 2*r + y*f. Let q = r + 42. Let n(i) = i**2 + 9*i + 10. What is n(q)?
-4
Let f = 126414 + -126415. Let w(k) = 0*k - 9*k + 50*k. Determine w(f).
-41
Suppose -9*n - 9 + 45 = 0. Suppose -v = -3*v + n. Let f(w) = -w. Let i be f(v). Let x(m) = m**2 + m + 2. Calculate x(i).
4
Let i = 5 - 6. Let g be 9/36 + 46/8. Let r(l) = -g*l**3 + 7*l**2 + l**2 - 7*l**2. What is r(i)?
7
Suppose -29 = 7*h - 99. Let b = 7 - h. Let x(k) = 5*k - 1. Let z(a) = 5*a - 1. Let m(j) = b*x(j) + 2*z(j). Give m(4).
-19
Let r be (-3)/5 - (5 + 126/(-10)). Suppose -2*c - 5 = r. Let i(x) be the third derivative of -x**6/120 - x**5/10 + x**3 + 8*x**2. Calculate i(c).
6
Suppose 8 = -4*m, -x - 5*m = -2*x + 18. Suppose 1 = -9*r + 28. Let a(u) = -x*u**r - 9*u**3 + 2 + 16*u**3. Determine a(2).
-6
Let q(b) = -4*b + 27. Let d be q(6). Let h(t) = -t**3 + 8*t**2 + 4. Let l(x) = -3*x**3 + 23*x**2 - x + 11. Let s(r) = d*l(r) - 8*h(r). Determine s(3).
10
Let g(m) = m**2 - 6*m + 1. Let l(b) = -b**2 + b + 1. Let t(a) = -g(a) - 2*l(a). Let d be (1 - -9) + 873/(-582)*52/6. Calculate t(d).
-6
Let y(d) = d**2 - d + 4. Let v(p) = 2*p**2 + 7. Let j(h) = h**3 - 30*h**2 - 28*h - 88. Let a be j(31). Let l(f) = a*y(f) - 3*v(f). Calculate l(-5).
-1
Let m(c) = c**3 + 5*c**2 + 4*c + 5. Let w be 216/22 - ((-6)/11)/3. Suppose t - w = -5. Suppose -t*h = 4*v + 8, 5*h - 4*v + 16 = 4*h. Give m(h).
5
Let i(n) = 2*n**3 + 4*n**2 + 3*n - 2. Let p = -150 - -153. Suppose -p*l = -9 + 6, 9 = -2*d + 5*l. What is i(d)?
-8
Let n(z) = -z**2 + 16*z + 28. Let p be 8 - (-2 + (-3 + -2 - 3)). Determine n(p).
-8
Let s(r) = 2*r**2 - 2*r**2 + r**2 + 8*r + 7. Let p be 1/(-4) - (-12236)/(-2576). What is s(p)?
-8
Let q(l) = -7*l**2 - l - 44. Let p(m) = 13*m**2 + 3*m + 78. Let x(j) = 5*p(j) + 9*q(j). Determine x(1).
2
Let b(g) be the third derivative of -g**5/40 + g**4/6 - 5*g**3 - g**2 + 75. Let q(s) be the first derivative of b(s). Give q(7).
-17
Let p(f) be the first derivative of 47 - 1/3*f**3 + f - 3/2*f**2. Give p(-5).
-9
Let s(l) = 13*l**2 - 55*l - 7. Let v(r) = 7*r**2 - 29*r - 2. Let g(n) = 6*s(n) - 11*v(n). Determine g(13).
6
Let h(c) = 2*c**3 + 2*c**2 - 6*c + 2. Let p be 20/(-12)*21/35 - -3. Give h(p).
14
Let o(l) = l**3 - 4*l**2 - 7*l + 10. Let w(i) = -26*i + 30. Let y be w(1). What is o(y)?
-18
Suppose 11 = -6*r - 25. Let v(c) = -c. Let w(s) = 3*s + 80. Let o be w(-27). Let h(q) = 7*q. Let n(f) = o*h(f) + r*v(f). Calculate n(3).
-3
Let k(n) = n**3 + 6*n**2 + 6*n - 1. Suppose 16*o - 19*o - 27 = 0. Let t be 2*(-1 + o/2). Let i(a) = -2*a - 27. Let m be i(t). What is k(m)?
-6
Let y(l) = 15*l**3 + 2*l**2 - l. Suppose g - 5*w = -12, 7 - 4 = 5*g - 4*w. Let s be (-1 + 6 - g) + (-2)/2. What is y(s)?
16
Let s(d) = -d**3 + 25*d + 4. Let p be s(-5). Let k(y) be the first derivative of 3*y**2/2 + 3*y + 26. Calculate k(p).
15
Let z = -588 - -166. Let n = z + 415. Let b(q) = -q**2 - 5*q + 19. Determine b(n).
5
Let w(l) = -4*l + 1. Let r = 326 - -121. Suppose 0 = -5*i - 482 + r. Give w(i).
29
Let w(k) = -47*k**3 - 2*k**2 + 2*k - 5. Let h(r) = -71*r**3 - 3*r**2 + 3*r - 8. Let m(f) = 5*h(f) - 8*w(f). Let z(q) = 74*q + 593. Let l be z(-8). Give m(l).
21
Let d(r) = 4*r + r**2 + 2*r + 5 + r. Let j = -132169 + 132164. Determine d(j).
-5
Let m(h) = 8*h + 7*h - 17 + 2 - h**2 - 6*h. Suppose g = v + 9, -70 = -3*g + 2*v - 46. Determine m(g).
3
Suppose 4 = -2*p - 0*p. Let b(k) = 3 + k + 0*k - k**3 - 2*k + k + 3*k. Calculate b(p).
5
Let i(z) = -9*z**2 + 12*z - 6. Suppose -94 = -5*s - 129. Let y(q) = 5*q**2 - 7*q + 4. Let u(m) = s*y(m) - 4*i(m). Calculate u(3).
8
Let v(b) = -3*b**3 + 34*b**2 + 28*b - 13. Let x(o) = o**3 - 12*o**2 - 10*o + 4. Let a(n) = 3*v(n) + 8*x(n). Let u = -257 + 263. Determine a(u).
17
Let k(s) = 3*s + 3. Suppose -6*t = -995 - 61. Suppose 10*j = 6*j + 4*l - t, -265 = 5*j + 4*l. Let f = j - -46. Calculate k(f).
-6
Let p(b) = -4*b - 2854 + 2840 + 9*b. Determine p(5).
11
Let z(b) be the first derivative of 3*b**4/2 - b**3/3 - 3*b**2/2 + b - 1208. What is z(2)?
39
Let n be -2 + 0/(-3)*-1. Let o(j) = -3*j - 5. Let u be o(n). Let d(z) = 2 + 0 - 8616*z**3 - 1 - z**2 + 0 + 8623*z**3. Give d(u).
7
Let s(k) = 82*k - 1147. Let p be s(14). Let w(j) = 19*j + 1. What is w(p)?
20
Let n(l) = -16*l - 7. Let r be n(-1). Suppose -r*i + 15 = -3. Let k(z) = 6 - z**i - 2 - 3 - 3*z. What is k(-6)?
-17
Let v(m) = -2*m + 28 + 50 - m**3 - 13*m**2 - 50 - m**3 - 2*m. What is v(-6)?
16
Let d(l) be the third derivative of 1/24*l**4 + 0*l + 0 + l**2 + 0*l**3. Suppose -320*i + 318*i + 4 = b, 3*i + 5*b = 6. Determine d(i).
2
Let q(d) = 28 + 313*d - 103*d - 94*d - 113*d. Give q(-14).
-14
Let w(r) be the second derivative of r**6/120 + r**4/24 + r**3/6 - 11*r**2/2 + 121*r. Let x(j) be the first derivative of w(j). Calculate x(-2).
-9
Let n(t) = 1628 - 913 - 837 + 60*t. Give n(2).
-2
Let r(s) be the first derivative of 1/4*s**4 + 5/3*s**3 - 3/2*s**2 - 11*s - 15. Calculate r(-5).
4
Suppose -4*d = 8*w + 64, -w - 5*d - 48 = -22. Let a = 2 - 0. Let v(f) = 0 + 5*f - 2*f + 1 + 7*f**a + f**3 - 3. What is v(w)?
16
Suppose h = -2*h + 15. Let j(a) = -a**3 - a**2 - a + 2. Let d(w) = 3*w + 4*w**2 - 5*w - 9 + 4*w**3 - 5*w**2 + 0*w. Let b(m) = d(m) + 3*j(m). Determine b(h).
-3
Let d(y) = -25538 + 12105 - y**2 - 148*y + 12719. Give d(-5).
1
Let p(r) = r**2 - 36*r + 83. Let b(u) = u**2 + 35*u - 781. Let o be b(16). Calculate p(o).
48
Let m(l) = -19*l - 16*l + l**2 - 24*l + 88*l - 46 - 22*l. Determine m(-12).
14
Let x(d) = d + 6. Let j(i) = i**2 - 37*i - 76. Let t be j(39). Suppose 3*b + 5*a + 8 = 4*b, 0 = -6*b - t*a - 48. Give x(b).
-1
Let q be (2 - 1)*(6 + -1 + 5). Let n(c) = -5*c + c**2 + 11*c - q*c. Calculate n(2).
-4
Let y(j) be the third derivative of 0 + 0*j + 2*j**2 + 1/3*j**3 + 1/12*j**4. Suppose -31*h + 165 = 55*h - 31*h. Determine y(h).
8
Let i be ((-4)/(-2) - -6)*-1. Let j(z) = 5*z**3 + 35*z**2 - 73*z + 47. Let c(p) = -p**3 - 7*p**2 + 15*p - 10. Let a(g) = 14*c(g) + 3*j(g). Calculate a(i).
9
Let u(m) = 917 + 921 + 2*m**3 + 921 + m - 3640 + 913 + 60*m**2. Determine u(-30).
2
Let s = 3120 + -3114. Let c(l) = 4*l + 1. Give c(s).
25
Let g(f) = 162 - 74 - 86 - 5*f. What is g(-7)?
37
Let l be (-1 + 3/5)/((-3)/30). Let f be (-8)/(-6)*l/((-48)/(-918)). Let h(g) = 5*g**2 + g**3 + f - g + 3*g**2 - 105. Calculate h(-8).
5
Let p = 29 + -37. Let m(y) = -2*y - 3 - 3 + 1 + y. Give m(p).
3
Let p = -8542 + 8550. Let x(g) = -3*g - 35. Determine x(p).
-59
Let r be (3/36)/((-225)/(-45)). Let i(n) be the third derivative of